96, -2*q - 3*i + 75 = -0*q. Let d = q - 33. What is the units digit of d?
6
Let j be (-2)/15 + (-114020)/(-150). Suppose -4*u + j = 3*h, -u - 354 = -3*u + 5*h. What is the units digit of u?
7
Let y(u) = 54*u**2 - 4*u - 4. What is the tens digit of y(-3)?
9
Let y be 2/((8/(-76))/(-1)). Suppose -46 + y = -3*x. What is the units digit of x?
9
Let i(b) = -b**3 - 7*b**2 - 4*b + 14. Let w be i(-6). Let m = 3 + 1. Suppose d = w*j + 2*j - 10, d = j - m. What is the units digit of j?
2
Suppose 5*j - 99 = -3*c, -3*j + 3*c - 8*c + 69 = 0. What is the tens digit of j?
1
Suppose -4*r - 5*g - 43 = 0, 6*r + 34 = 2*r - 2*g. What is the units digit of 2*19*((-308)/8)/r?
9
Let u(n) = -3*n**3 + n - 3 + 13*n - 4 - 6*n**2 + 2*n**3. What is the tens digit of u(-9)?
1
Let f(x) = -5*x + 261. What is the units digit of f(39)?
6
Let a = -119 - -291. Let c = -99 + a. What is the units digit of c?
3
Suppose 0*u = -8*u - 200. Let n be (12/20)/((-5)/u). Suppose 38 - n = b. What is the units digit of b?
5
What is the tens digit of (-7934)/(-10) - (-75)/125?
9
Suppose -43*s = -34*s - 1890. What is the tens digit of s?
1
Let p(j) = -234*j - 14. What is the hundreds digit of p(-6)?
3
Suppose y + 3*c - 16 = -4*y, 4*y = 4*c + 32. Suppose 0*j - 47 = -2*m - j, y*m = -3*j + 116. What is the tens digit of m?
2
Let k = -32 - 3. Suppose -63 = -6*a + 219. Let h = a + k. What is the tens digit of h?
1
Let g = -16 + 20. Suppose -361 = -5*r + 2*c, -4 = -g*c + 4. What is the units digit of r?
3
Let r = -33 + 43. What is the tens digit of r?
1
Let p = 10 + -10. Let q be -3 + (-1 - -7 - p). Suppose b = -q*b - 5*z + 14, b - 3*z = 12. What is the units digit of b?
6
Suppose -2*m + 17 = 5*k + 5, 5*m = -5*k. Suppose -109 = -5*f + k*n, -3*n + 66 = 3*f - 21. What is the tens digit of f - (-3 + 5 + -3)?
2
Suppose 0 = -4*w + 3*y - 3, 12 = 4*w + 2*y - 10. Suppose -168 = -w*c + 75. What is the tens digit of c?
8
Suppose -5*p + 10*p = -10. Let x be (-42)/(-15) - p/10. Suppose f - 5 - 25 = -x*c, -c = f - 26. What is the tens digit of f?
2
Suppose 5*p - 3*g = 35 + 17, -5*p = -2*g - 48. What is the hundreds digit of (-6)/p*1 - (-1281)/12?
1
What is the units digit of (20 - -539) + (2 - 2)?
9
Suppose -4*p = -4*z + 148, -4*p = 5*z - 2*p - 164. Suppose -9*h = -7*h - z. What is the units digit of h?
7
Let s(n) = -n**3 - 7*n**2 + 9*n + 9. Suppose 4*o + 0 - 11 = -l, 0 = -3*l + 4*o - 15. Let p be (-2 + l)*(-48)/(-18). What is the units digit of s(p)?
1
What is the hundreds digit of (-41 + 25)/((-1)/14)?
2
Suppose -2*f - 659 = 153. Let w = 165 - 214. What is the units digit of (f/w)/(2/14)?
8
Let i be -121 + (-1 + -1 - 0). Let j = i - -201. What is the units digit of j?
8
Suppose 4*v = -3*i + 8, 2*i + 2*v - 3 = -1. Let q be 1 - 2 - i/(-4). Let b = q + 21. What is the units digit of b?
9
Let g be -1 - (5 + -9 + -1536). Suppose -d = 8*d - g. What is the hundreds digit of d?
1
Let r(f) = f**2 - 9*f - 3. Let y be r(8). Let x = 14 + y. Suppose 6*k + 47 = n + k, 0 = 3*n - x*k - 105. What is the units digit of n?
2
Let o(q) = -q**3 + 23*q**2 - 15*q + 15. What is the hundreds digit of o(16)?
5
What is the tens digit of (-6 - 6)/(16/(-932))?
9
Suppose -3*w + 0*v = 2*v - 60, 4*v = 4*w - 80. Let r be ((-2)/2)/((-4)/w). Suppose -r + 13 = -2*i, -28 = -2*q + 3*i. What is the units digit of q?
8
Suppose 3*h = -145 - 83. Let b = h - -125. What is the units digit of b?
9
Let y = 20 - 4. Let h = -16 + y. Suppose j + j - 18 = h. What is the units digit of j?
9
Let t = 113 - -9. What is the tens digit of t?
2
Let y = 2161 + -683. What is the tens digit of y?
7
Suppose -2*j - 1 = -b, j + 4 = -4*b - 1. Let v be j/(5/(-60)*-4). What is the tens digit of (-1976)/(-28) + v/(-7)?
7
Let l(b) = b**3 + 6*b**2 - 9*b - 10. Suppose 0 = -p - 0 + 5, -4*p = 5*d + 15. Let g be l(d). What is the units digit of (g/12)/(3/36)?
4
Suppose 13*l - 55*l + 22050 = 0. What is the tens digit of l?
2
Let d(z) = -61*z**3 + 5*z**2 - 7*z - 32. What is the thousands digit of d(-3)?
1
Suppose -h + 406 = 4*k - 439, -4*h = -5*k + 1072. Let s = -111 + k. What is the units digit of s?
1
Let g be 16/(-6)*1305/60. Let p = 212 - g. What is the units digit of p?
0
Suppose 35*o - 2006 = o. Let x(m) = m**3 + 5*m**2 + 2. Let y be x(-5). Suppose -y*a + o = -a. What is the tens digit of a?
5
Suppose -3*j + 5*j + 6 = 0. Suppose -14*i - 31*i + 270 = 0. What is the units digit of (-2)/j*i/4?
1
Suppose 0 = 79*i - 73*i - 8538. What is the thousands digit of i?
1
Let n(f) = 2*f**2 - 3*f + 7. Suppose -5*m + 3*m = -10. Suppose 13 = m*x - 12. What is the units digit of n(x)?
2
Let t = 83 + -68. Suppose -t*q + 666 = -6*q. What is the units digit of q?
4
Suppose 5*t + 10 = 0, -2*t - 1147 = -g - 2*g. What is the tens digit of g?
8
Let j be (-2*226/(-2))/(24 + -22). Let n = j + -66. What is the tens digit of n?
4
Suppose 3*o = 2*d + 3876 + 1969, 3*o - 5873 = -5*d. What is the tens digit of o?
5
Let h(b) = -4*b + 14. Let a be h(3). Suppose 4*r - 91 = a*y + 53, 0 = 4*r - 4*y - 148. What is the units digit of r?
5
Let f(v) = 3*v**2 + v. Let m be f(-1). Suppose -12 = 3*a, l - m = -5*a - 0. Let p = l - 6. What is the units digit of p?
6
Let w be (-14)/63 - 626/18. Let t = -53 - w. Let j = 31 + t. What is the units digit of j?
3
Let j = -943 - -1607. What is the units digit of j?
4
Let g(h) = -h**3 - 4*h**2 - 4*h. Let n be g(-3). Let j(i) = 5*i**3 - 7*i**3 + 8 + i - 5*i**2 + n*i + 0*i**3. What is the tens digit of j(-4)?
4
Suppose -25*u - 6*u = -1364. What is the units digit of u?
4
Let s = 1954 - 876. What is the units digit of s?
8
Let w(x) = -2*x**3 + 11*x**2 + 31*x - 7. What is the thousands digit of w(-11)?
3
Let p(j) = -2*j**2 + j + 0*j + 3*j**2 + 9 + 2*j. Let d be p(-7). Suppose -m + 5*c + 13 = 0, 5*m + 3*c = -0*m + d. What is the units digit of m?
8
Let p(h) = -47*h - 137. What is the tens digit of p(-24)?
9
Suppose 7*l - 2*l = 290. Suppose -5*j - l = -2*h - j, 0 = -3*h + j + 112. Let p = -24 + h. What is the tens digit of p?
1
Suppose 2*q = -0*q + 5*i - 25, -4*q = -i + 5. Suppose 12*t - 1356 = -q*t. What is the tens digit of t?
1
Let q be (-2 + 3/((-75)/(-70)))*-40. Suppose 3*f - 3*c = 150, 3*f - 154 = -2*c + 6*c. Let u = f + q. What is the units digit of u?
4
Let g = 14 - 16. Let t be (g/(-3))/(20/90). Suppose 0 = 3*n + 5*z - 158, 222 = 5*n - 5*z + t*z. What is the units digit of n?
6
Let v(h) = 2*h**2 + h - 4. Let a be v(-2). Suppose -3*u - a*u + 170 = 0. What is the tens digit of u?
3
Let f(a) = -2*a**3 + 5*a**2 + 4*a - 6. What is the units digit of f(-6)?
2
What is the tens digit of 2/((-14)/35) - -139*6?
2
Let n(u) = u - 1. Suppose -10*o + 18 = -7*o. Let x(s) = 1. Let q(l) = o*n(l) - 6*x(l). What is the units digit of q(9)?
2
Let r = 26 - 21. Suppose 5*h = -4*o + 42, 0 = 3*o - r*o - 3*h + 22. What is the units digit of o?
8
Let u(r) = -r**3 - r**2 - 28*r + 20. What is the tens digit of u(-11)?
3
Let k be -3 - -5 - -1 - -82. Let b be (k/(-15))/((-1)/3). Let c = b - 14. What is the units digit of c?
3
Suppose -150 = -9*c + 11172. What is the thousands digit of c?
1
Let j(v) = -11 + 4 + 2*v - 8*v - 5*v**2 + 3*v**2. Let t be j(-7). What is the units digit of (t/(-6) - 1)*4?
8
Suppose -2*x + 10 = -4*u, 3*u - 4*u - 27 = -4*x. Let n = x + 47. What is the units digit of n?
4
Let j(z) = -z**3 + 32*z**2 - 10*z - 146. What is the hundreds digit of j(31)?
5
Suppose -41*g = -39*g - 308. What is the tens digit of g?
5
Let o(t) = t - 3. Let b be o(4). Let l(c) = 6 + b - 5 + 0 + 12*c. What is the tens digit of l(1)?
1
Let v be ((-36)/(-45))/((-4)/30). Let w = 11 + v. Suppose r - w*r + 112 = 0. What is the units digit of r?
8
Suppose -86 - 80 = 2*t. Let y = 238 + t. What is the units digit of y?
5
Let n = -81 + 88. What is the tens digit of (n - -41) + (0 - -5)?
5
Suppose -4*f - 6*u + u - 44 = 0, -f = u + 10. Let k be (-27)/12*(-16)/f. Let b = k - -27. What is the tens digit of b?
2
Suppose -1646*b = -1658*b + 21468. What is the hundreds digit of b?
7
Suppose 2*o = 7*o - 15. Suppose o*t - 67 = 2*t. Let c = t - 39. What is the units digit of c?
8
Suppose 932*k = 935*k - 4962. What is the units digit of k?
4
Suppose -3 = -g - 2. What is the units digit of 1*(-1 - -2)*g?
1
Suppose -12*f = -0*f - 6624. What is the tens digit of f?
5
Let d(z) = 24*z**2 + 12*z + 17. What is the hundreds digit of d(5)